{"id":42,"date":"2021-03-11T14:08:08","date_gmt":"2021-03-11T14:08:08","guid":{"rendered":"http:\/\/wp.franziska-joerg.de\/?page_id=42"},"modified":"2024-10-31T13:52:10","modified_gmt":"2024-10-31T13:52:10","slug":"einlagen","status":"publish","type":"page","link":"https:\/\/franziska-joerg.de\/?page_id=42","title":{"rendered":"Einlagen"},"content":{"rendered":"<p>[smartslider3 slider=&#8220;4&#8243;]<\/p>\n\n\n\n<h2 class=\"wp-block-heading\">WEGBEGLEITER:<br>DIE RICHTIGE EINLAGE<\/h2>\n\n\n\n<p>Ob Schmerzen in den F\u00fc\u00dfen, Spreizfu\u00df oder Fersensporn, eine Einlage kann hier kleine Wunder bewirken und der richtige Begleiter f\u00fcr Ihren Weg sein. Durch st\u00fctzen, korrigieren, betten oder stimulieren haben Einlagen Einfluss auf den ganzen St\u00fctz- und Bewegungsapperat. Allerdings m\u00fcssen diese auf Sie und Ihre Schuhe abgestimmt werden.<\/p>\n\n\n\n<p>Gerne berate ich Sie auch \u00fcber Einlagen f\u00fcr Arbeitssicherheitsschuhe. Hierf\u00fcr ben\u00f6tigen Sie Einlagen aus speziellen Materialien und Schuhe die der GBR Norm 191 entsprechen.<\/p>\n\n\n\n<p>F\u00fcr Diabetiker mit Fu\u00dfbeschwerden und Kunden mit Neuropathien biete ich spezielle<br>Einlagen aus gesondertem Material an.<\/p>\n\n\n\n<p><\/p>\n\n\n<p>[smartslider3 slider=&#8220;10&#8243;]<\/p>\n","protected":false},"excerpt":{"rendered":"<p>WEGBEGLEITER:DIE RICHTIGE EINLAGE Ob Schmerzen in den F\u00fc\u00dfen, Spreizfu\u00df oder Fersensporn, eine Einlage kann hier kleine Wunder bewirken und der richtige Begleiter f\u00fcr Ihren Weg sein. Durch st\u00fctzen, korrigieren, betten oder stimulieren haben Einlagen Einfluss auf den ganzen St\u00fctz- und Bewegungsapperat. Allerdings m\u00fcssen diese auf Sie und Ihre Schuhe abgestimmt werden. Gerne berate ich Sie auch \u00fcber Einlagen f\u00fcr Arbeitssicherheitsschuhe. Hierf\u00fcr ben\u00f6tigen Sie Einlagen aus speziellen Materialien und Schuhe die der GBR Norm 191 entsprechen. F\u00fcr Diabetiker mit Fu\u00dfbeschwerden und Kunden mit Neuropathien biete ich spezielleEinlagen aus gesondertem Material an.<\/p>\n","protected":false},"author":1,"featured_media":0,"parent":0,"menu_order":0,"comment_status":"closed","ping_status":"closed","template":"","meta":{"footnotes":""},"class_list":["post-42","page","type-page","status-publish"],"_links":{"self":[{"href":"https:\/\/franziska-joerg.de\/index.php?rest_route=\/wp\/v2\/pages\/42"}],"collection":[{"href":"https:\/\/franziska-joerg.de\/index.php?rest_route=\/wp\/v2\/pages"}],"about":[{"href":"https:\/\/franziska-joerg.de\/index.php?rest_route=\/wp\/v2\/types\/page"}],"author":[{"embeddable":true,"href":"https:\/\/franziska-joerg.de\/index.php?rest_route=\/wp\/v2\/users\/1"}],"replies":[{"embeddable":true,"href":"https:\/\/franziska-joerg.de\/index.php?rest_route=%2Fwp%2Fv2%2Fcomments&post=42"}],"version-history":[{"count":2,"href":"https:\/\/franziska-joerg.de\/index.php?rest_route=\/wp\/v2\/pages\/42\/revisions"}],"predecessor-version":[{"id":11799,"href":"https:\/\/franziska-joerg.de\/index.php?rest_route=\/wp\/v2\/pages\/42\/revisions\/11799"}],"wp:attachment":[{"href":"https:\/\/franziska-joerg.de\/index.php?rest_route=%2Fwp%2Fv2%2Fmedia&parent=42"}],"curies":[{"name":"wp","href":"https:\/\/api.w.org\/{rel}","templated":true}]}}