{"id":44,"date":"2021-03-11T14:08:08","date_gmt":"2021-03-11T14:08:08","guid":{"rendered":"http:\/\/wp.franziska-joerg.de\/?page_id=44"},"modified":"2021-03-11T14:08:08","modified_gmt":"2021-03-11T14:08:08","slug":"massschuhe","status":"publish","type":"page","link":"https:\/\/franziska-joerg.de\/?page_id=44","title":{"rendered":"Ma\u00dfschuhe"},"content":{"rendered":"<p>[smartslider3 slider=&#8220;14&#8243;]<\/p>\n\n\n\n<h2 class=\"wp-block-heading\">ORTHOP\u00c4DISCHE MASSSCHUHE<\/h2>\n\n\n\n<p>Orthop\u00e4dische Ma\u00dfschuhe kommen dann zum Einsatz, wenn Deformit\u00e4ten und Beschwerden so stark sind, dass Einlagen und Zurichtungen ihren Zweck nicht mehr erf\u00fcllen k\u00f6nnen. Zum Beispiel bei Problemen im Sprunggelenk, L\u00e4hmungen, nach Operationen oder angeborenen Fehlstellungen.<\/p>\n\n\n\n<p>Mit einer gro\u00dfen Auswahl an Lederarten, -farben und Sohlenmaterialien m\u00f6chte ich Ihren Schuhen ein m\u00f6glichst modisches Aussehen geben.<\/p>\n\n\n\n<p>Des Weiteren biete ich Ihnen Spezialschuhe wie Therapieschuhe, Verbandschuhe, Fu\u00dfteilentlastungsschuhe und Diabetikerschutzschuhe.<\/p>\n\n\n\n<h2 class=\"wp-block-heading\"><br>GRUNDSATZ<\/h2>\n\n\n\n<p>Mit einem Rezept Ihres Arztes erleichtern Sie mir die Herstellung Ihres Hilfsmittels. Sie sind bei einer gesetzlichen Krankenkasse versichert? Dann ben\u00f6tige Ich unbedingt ein Rezept f\u00fcr die Kostenabrechnung mit der Krankenkasse.<\/p>\n\n\n\n<p>Haben Sie ein Rezept f\u00fcr Orthop\u00e4dische Ma\u00dfschuhe?<br>Dann machen Sie f\u00fcr das Ma\u00dfnehmen einen Termin mit mir aus.<\/p>\n\n\n\n<p><\/p>\n\n\n<p>[smartslider3 slider=&#8220;8&#8243;]<\/p>\n","protected":false},"excerpt":{"rendered":"<p>ORTHOP\u00c4DISCHE MASSSCHUHE Orthop\u00e4dische Ma\u00dfschuhe kommen dann zum Einsatz, wenn Deformit\u00e4ten und Beschwerden so stark sind, dass Einlagen und Zurichtungen ihren Zweck nicht mehr erf\u00fcllen k\u00f6nnen. Zum Beispiel bei Problemen im Sprunggelenk, L\u00e4hmungen, nach Operationen oder angeborenen Fehlstellungen. Mit einer gro\u00dfen Auswahl an Lederarten, -farben und Sohlenmaterialien m\u00f6chte ich Ihren Schuhen ein m\u00f6glichst modisches Aussehen geben. Des Weiteren biete ich Ihnen Spezialschuhe wie Therapieschuhe, Verbandschuhe, Fu\u00dfteilentlastungsschuhe und Diabetikerschutzschuhe. GRUNDSATZ Mit einem Rezept Ihres Arztes erleichtern Sie mir die Herstellung Ihres Hilfsmittels. Sie sind bei einer gesetzlichen Krankenkasse versichert? Dann ben\u00f6tige Ich unbedingt ein Rezept f\u00fcr die Kostenabrechnung mit der Krankenkasse. Haben Sie ein Rezept f\u00fcr Orthop\u00e4dische Ma\u00dfschuhe?Dann machen Sie f\u00fcr das Ma\u00dfnehmen einen Termin mit mir aus.<\/p>\n","protected":false},"author":1,"featured_media":0,"parent":0,"menu_order":0,"comment_status":"closed","ping_status":"closed","template":"","meta":{"footnotes":""},"class_list":["post-44","page","type-page","status-publish"],"_links":{"self":[{"href":"https:\/\/franziska-joerg.de\/index.php?rest_route=\/wp\/v2\/pages\/44"}],"collection":[{"href":"https:\/\/franziska-joerg.de\/index.php?rest_route=\/wp\/v2\/pages"}],"about":[{"href":"https:\/\/franziska-joerg.de\/index.php?rest_route=\/wp\/v2\/types\/page"}],"author":[{"embeddable":true,"href":"https:\/\/franziska-joerg.de\/index.php?rest_route=\/wp\/v2\/users\/1"}],"replies":[{"embeddable":true,"href":"https:\/\/franziska-joerg.de\/index.php?rest_route=%2Fwp%2Fv2%2Fcomments&post=44"}],"version-history":[{"count":0,"href":"https:\/\/franziska-joerg.de\/index.php?rest_route=\/wp\/v2\/pages\/44\/revisions"}],"wp:attachment":[{"href":"https:\/\/franziska-joerg.de\/index.php?rest_route=%2Fwp%2Fv2%2Fmedia&parent=44"}],"curies":[{"name":"wp","href":"https:\/\/api.w.org\/{rel}","templated":true}]}}