{"id":46,"date":"2021-03-11T14:08:08","date_gmt":"2021-03-11T14:08:08","guid":{"rendered":"http:\/\/wp.franziska-joerg.de\/?page_id=46"},"modified":"2021-04-15T09:28:03","modified_gmt":"2021-04-15T09:28:03","slug":"kontakt","status":"publish","type":"page","link":"https:\/\/franziska-joerg.de\/?page_id=46","title":{"rendered":"Kontakt"},"content":{"rendered":"<p>[smartslider3 slider=&#8220;13&#8243;]<\/p>\n\n\n\n<p><\/p>\n\n\n\n<p><strong>SIE HABEN FRAGEN?<br>VEREINBAREN SIE EINFACH EINEN TERMIN MIT MIR<\/strong>.<br><br>Ich w\u00fcrde mich freuen, Sie Montag + Freitag von 8:30 Uhr bis 12:30 Uhr und<br>Dienstags + Donnerstag von 8:30 Uhr bis 12:00 Uhr und 14:00 Uhr bis 17:00 Uhr<br>in meinen R\u00e4umen willkommen zu hei\u00dfen.<\/p>\n\n\n\n<p>Au\u00dferhalb dieser Zeiten, k\u00f6nnen Sie einen Termin mit mir vereinbaren um Sie ausgiebig<br>zu beraten und Ihre Einlagen, Zurichtungen oder Schuhe zeitnah anfertigen zu k\u00f6nnen.<\/p>\n\n\n\n<p>Sie haben kein Auto oder k\u00f6nnen Ihre Wohnung nur schlecht verlassen?<br>Dann besuche ich Sie gerne auch zu Hause.<br><br><\/p>\n\n\n<div class=\"wpforms-container wpforms-container-full wpforms-block\" id=\"wpforms-11672\"><form id=\"wpforms-form-11672\" class=\"wpforms-validate wpforms-form\" data-formid=\"11672\" method=\"post\" enctype=\"multipart\/form-data\" action=\"\/index.php?rest_route=%2Fwp%2Fv2%2Fpages%2F46\" data-token=\"c74ef016def947df3ad9c6aeab5cdb7c\" data-token-time=\"1778512421\"><noscript class=\"wpforms-error-noscript\">Bitte aktiviere JavaScript in deinem Browser, um dieses Formular fertigzustellen.<\/noscript><div class=\"wpforms-field-container\"><div id=\"wpforms-11672-field_0-container\" class=\"wpforms-field wpforms-field-name\" data-field-id=\"0\"><label class=\"wpforms-field-label\">Name <span class=\"wpforms-required-label\">*<\/span><\/label><div class=\"wpforms-field-row wpforms-field-medium\"><div class=\"wpforms-field-row-block wpforms-first wpforms-one-half\"><input type=\"text\" id=\"wpforms-11672-field_0\" class=\"wpforms-field-name-first wpforms-field-required\" name=\"wpforms[fields][0][first]\" required><label for=\"wpforms-11672-field_0\" class=\"wpforms-field-sublabel after\">Vorname<\/label><\/div><div class=\"wpforms-field-row-block wpforms-one-half\"><input type=\"text\" id=\"wpforms-11672-field_0-last\" class=\"wpforms-field-name-last wpforms-field-required\" name=\"wpforms[fields][0][last]\" required><label for=\"wpforms-11672-field_0-last\" class=\"wpforms-field-sublabel after\">Nachname<\/label><\/div><\/div><\/div><div id=\"wpforms-11672-field_1-container\" class=\"wpforms-field wpforms-field-email\" data-field-id=\"1\"><label class=\"wpforms-field-label\" for=\"wpforms-11672-field_1\">E-Mail <span class=\"wpforms-required-label\">*<\/span><\/label><input type=\"email\" id=\"wpforms-11672-field_1\" class=\"wpforms-field-medium wpforms-field-required\" name=\"wpforms[fields][1]\" spellcheck=\"false\" required><\/div><div id=\"wpforms-11672-field_2-container\" class=\"wpforms-field wpforms-field-textarea\" data-field-id=\"2\"><label class=\"wpforms-field-label\" for=\"wpforms-11672-field_2\">Kommentar oder Nachricht <span class=\"wpforms-required-label\">*<\/span><\/label><textarea id=\"wpforms-11672-field_2\" class=\"wpforms-field-medium wpforms-field-required\" name=\"wpforms[fields][2]\" required><\/textarea><\/div><div id=\"wpforms-11672-field_3-container\" class=\"wpforms-field wpforms-field-checkbox\" data-field-id=\"3\"><label class=\"wpforms-field-label\">Einwilligung <span class=\"wpforms-required-label\">*<\/span><\/label><ul id=\"wpforms-11672-field_3\" class=\"wpforms-field-required\"><li class=\"choice-1 depth-1\"><input type=\"checkbox\" id=\"wpforms-11672-field_3_1\" name=\"wpforms[fields][3][]\" value=\"Ich bin damit einverstanden, dass meine hier angegebenen Daten zur Kontaktaufnahmen verwendet werden d\u00fcrfen.\" required ><label class=\"wpforms-field-label-inline\" for=\"wpforms-11672-field_3_1\">Ich bin damit einverstanden, dass meine hier angegebenen Daten zur Kontaktaufnahmen verwendet werden d\u00fcrfen.<\/label><\/li><\/ul><\/div><\/div><!-- .wpforms-field-container --><div class=\"wpforms-submit-container\" ><input type=\"hidden\" name=\"wpforms[id]\" value=\"11672\"><input type=\"hidden\" name=\"page_title\" value=\"\"><input type=\"hidden\" name=\"page_url\" value=\"https:\/\/franziska-joerg.de\/index.php?rest_route=\/wp\/v2\/pages\/46\"><input type=\"hidden\" name=\"url_referer\" value=\"\"><button type=\"submit\" name=\"wpforms[submit]\" id=\"wpforms-submit-11672\" class=\"wpforms-submit\" data-alt-text=\"Senden...\" data-submit-text=\"Absenden\" aria-live=\"assertive\" value=\"wpforms-submit\">Absenden<\/button><\/div><\/form><\/div>  <!-- .wpforms-container -->","protected":false},"excerpt":{"rendered":"<p>SIE HABEN FRAGEN?VEREINBAREN SIE EINFACH EINEN TERMIN MIT MIR. Ich w\u00fcrde mich freuen, Sie Montag + Freitag von 8:30 Uhr bis 12:30 Uhr undDienstags + Donnerstag von 8:30 Uhr bis 12:00 Uhr und 14:00 Uhr bis 17:00 Uhrin meinen R\u00e4umen willkommen zu hei\u00dfen. Au\u00dferhalb dieser Zeiten, k\u00f6nnen Sie einen Termin mit mir vereinbaren um Sie ausgiebigzu beraten und Ihre Einlagen, Zurichtungen oder Schuhe zeitnah anfertigen zu k\u00f6nnen. Sie haben kein Auto oder k\u00f6nnen Ihre Wohnung nur schlecht verlassen?Dann besuche ich Sie gerne auch zu Hause.<\/p>\n","protected":false},"author":1,"featured_media":0,"parent":0,"menu_order":0,"comment_status":"closed","ping_status":"closed","template":"","meta":{"footnotes":""},"class_list":["post-46","page","type-page","status-publish"],"_links":{"self":[{"href":"https:\/\/franziska-joerg.de\/index.php?rest_route=\/wp\/v2\/pages\/46"}],"collection":[{"href":"https:\/\/franziska-joerg.de\/index.php?rest_route=\/wp\/v2\/pages"}],"about":[{"href":"https:\/\/franziska-joerg.de\/index.php?rest_route=\/wp\/v2\/types\/page"}],"author":[{"embeddable":true,"href":"https:\/\/franziska-joerg.de\/index.php?rest_route=\/wp\/v2\/users\/1"}],"replies":[{"embeddable":true,"href":"https:\/\/franziska-joerg.de\/index.php?rest_route=%2Fwp%2Fv2%2Fcomments&post=46"}],"version-history":[{"count":3,"href":"https:\/\/franziska-joerg.de\/index.php?rest_route=\/wp\/v2\/pages\/46\/revisions"}],"predecessor-version":[{"id":11681,"href":"https:\/\/franziska-joerg.de\/index.php?rest_route=\/wp\/v2\/pages\/46\/revisions\/11681"}],"wp:attachment":[{"href":"https:\/\/franziska-joerg.de\/index.php?rest_route=%2Fwp%2Fv2%2Fmedia&parent=46"}],"curies":[{"name":"wp","href":"https:\/\/api.w.org\/{rel}","templated":true}]}}